7
What are the prime factors of 30268?
2, 7, 23, 47
What are the prime factors of 29197?
7, 43, 97
What are the prime factors of 6132?
2, 3, 7, 73
What are the prime factors of 33735?
3, 5, 13, 173
List the prime factors of 118656.
2, 3, 103
List the prime factors of 18609.
3, 6203
List the prime factors of 278.
2, 139
What are the prime factors of 962?
2, 13, 37
What are the prime factors of 5809?
37, 157
List the prime factors of 9705.
3, 5, 647
What are the prime factors of 430?
2, 5, 43
What are the prime factors of 52536?
2, 3, 11, 199
List the prime factors of 4569.
3, 1523
List the prime factors of 1926.
2, 3, 107
What are the prime factors of 134332?
2, 11, 43, 71
What are the prime factors of 767?
13, 59
What are the prime factors of 3155?
5, 631
List the prime factors of 12993.
3, 61, 71
What are the prime factors of 16830?
2, 3, 5, 11, 17
List the prime factors of 76999.
13, 5923
List the prime factors of 8409.
3, 2803
List the prime factors of 980.
2, 5, 7
What are the prime factors of 2354?
2, 11, 107
List the prime factors of 8662.
2, 61, 71
What are the prime factors of 7797?
3, 23, 113
What are the prime factors of 447?
3, 149
What are the prime factors of 3481?
59
List the prime factors of 1427.
1427
List the prime factors of 15786.
2, 3, 877
What are the prime factors of 11529?
3, 7, 61
What are the prime factors of 6787?
11, 617
List the prime factors of 3534.
2, 3, 19, 31
What are the prime factors of 15088?
2, 23, 41
List the prime factors of 35322.
2, 3, 7, 29
What are the prime factors of 774?
2, 3, 43
List the prime factors of 1890.
2, 3, 5, 7
What are the prime factors of 48761?
48761
What are the prime factors of 38605?
5, 7, 1103
What are the prime factors of 23648?
2, 739
What are the prime factors of 2521?
2521
List the prime factors of 86709.
3, 7, 4129
List the prime factors of 566.
2, 283
What are the prime factors of 52012?
2, 13003
What are the prime factors of 3551?
53, 67
What are the prime factors of 7888?
2, 17, 29
List the prime factors of 481.
13, 37
List the prime factors of 10469.
19, 29
What are the prime factors of 3207?
3, 1069
What are the prime factors of 1266?
2, 3, 211
List the prime factors of 3019.
3019
What are the prime factors of 20183?
20183
List the prime factors of 62981.
62981
What are the prime factors of 73578?
2, 3, 12263
What are the prime factors of 1482?
2, 3, 13, 19
What are the prime factors of 4542?
2, 3, 757
List the prime factors of 976.
2, 61
What are the prime factors of 931?
7, 19
List the prime factors of 2073.
3, 691
List the prime factors of 18979.
18979
List the prime factors of 1917.
3, 71
What are the prime factors of 320?
2, 5
List the prime factors of 790.
2, 5, 79
List the prime factors of 488.
2, 61
List the prime factors of 6604.
2, 13, 127
List the prime factors of 84215.
5, 16843
List the prime factors of 1301.
1301
What are the prime factors of 11328?
2, 3, 59
List the prime factors of 70510.
2, 5, 11, 641
List the prime factors of 63560.
2, 5, 7, 227
What are the prime factors of 27880?
2, 5, 17, 41
What are the prime factors of 1192?
2, 149
What are the prime factors of 3796?
2, 13, 73
List the prime factors of 306.
2, 3, 17
What are the prime factors of 1596?
2, 3, 7, 19
List the prime factors of 70701.
3, 23567
What are the prime factors of 22044?
2, 3, 11, 167
List the prime factors of 45.
3, 5
List the prime factors of 1052.
2, 263
List the prime factors of 10137.
3, 31, 109
List the prime factors of 3391.
3391
What are the prime factors of 2214?
2, 3, 41
List the prime factors of 24871.
7, 11, 17, 19
What are the prime factors of 927?
3, 103
What are the prime factors of 3358?
2, 23, 73
List the prime factors of 40767.
3, 107, 127
List the prime factors of 6549.
3, 37, 59
What are the prime factors of 2458?
2, 1229
What are the prime factors of 6014?
2, 31, 97
List the prime factors of 87541.
87541
What are the prime factors of 10460?
2, 5, 523
List the prime factors of 21395.
5, 11, 389
What are the prime factors of 8270?
2, 5, 827
What are the prime factors of 125985?
3, 5, 37, 227
What are the prime factors of 1373?
1373
What are the prime factors of 7246?
2, 3623
What are the prime factors of 74899?
11, 619
What are the prime factors of 5326?
2, 2663
What are the prime factors of 893?
19, 47
List the prime factors of 11046.
2, 3, 7, 263
List the prime factors of 84448.
2, 7, 13, 29
List the prime factors of 45191.
45191
What are the prime factors of 30509?
30509
What are the prime factors of 3642?
2, 3, 607
What are the prime factors of 2145?
3, 5, 11, 13
List the prime factors of 22018.
2, 101, 109
List the prime factors of 87545.
5, 17509
What are the prime factors of 8985?
3, 5, 599
What are the prime factors of 1470?
2, 3, 5, 7
List the prime factors of 36906.
2, 3, 6151
What are the prime factors of 611?
13, 47
List the prime factors of 7398.
2, 3, 137
What are the prime factors of 22346?
2, 11173
What are the prime factors of 1533?
3, 7, 73
List the prime factors of 952.
2, 7, 17
List the prime factors of 9616.
2, 601
What are the prime factors of 4794?
2, 3, 17, 47
List the prime factors of 1162.
2, 7, 83
What are the prime factors of 1198?
2, 599
List the prime factors of 811.
811
What are the prime factors of 54309?
3, 43, 421
List the prime factors of 23489.
83, 283
What are the prime factors of 110151?
3, 12239
What are the prime factors of 59?
59
List the prime factors of 8761.
8761
List the prime factors of 59232.
2, 3, 617
List the prime factors of 206.
2, 103
What are the prime factors of 16924?
2, 4231
What are the prime factors of 36444?
2, 3, 3037
List the prime factors of 4717.
53, 89
List the prime factors of 8467.
8467
List the prime factors of 40132.
2, 79, 127
What are the prime factors of 90957?
3, 30319
List the prime factors of 3886.
2, 29, 67
List the prime factors of 664.
2, 83
List the prime factors of 21308.
2, 7, 761
List the prime factors of 3750.
2, 3, 5
What are the prime factors of 134605?
5, 26921
List the prime factors of 38648.
2, 4831
What are the prime factors of 1498?
2, 7, 107
List the prime factors of 43751.
67, 653
List the prime factors of 939.
3, 313
What are the prime factors of 7136?
2, 223
What are the prime factors of 5774?
2, 2887
List the prime factors of 14368.
2, 449
List the prime factors of 6067.
6067
List the prime factors of 9084.
2, 3, 757
List the prime factors of 3165.
3, 5, 211
List the prime factors of 10064.
2, 17, 37
List the prime factors of 390.
2, 3, 5, 13
List the prime factors of 168933.
3, 56311
What are the prime factors of 4040?
2, 5, 101
List the prime factors of 102042.
2, 3, 5669
List the prime factors of 26834.
2, 13417
List the prime factors of 11068.
2, 2767
List the prime factors of 5422.
2, 2711
List the prime factors of 2562.
2, 3, 7, 61
List the prime factors of 2024.
2, 11, 23
List the prime factors of 42965.
5, 13, 661
What are the prime factors of 169?
13
List the prime factors of 844.
2, 211
List the prime factors of 598.
2, 13, 23
What are the prime factors of 27347?
23, 29, 41
What are the prime factors of 249?
3, 83
List the prime factors of 116586.
2, 3, 17, 127
What are the prime factors of 3027?
3, 1009
What are the prime factors of 21750?
2, 3, 5, 29
List the prime factors of 2153.
2153
What are the prime factors of 4820?
2, 5, 241
What are the prime factors of 8063?
11, 733
List the prime factors of 655.
5, 131
What are the prime factors of 7293?
3, 11, 13, 17
What are the prime factors of 770?
2, 5, 7, 11
What are the prime factors of 50360?
2, 5, 1259
List the prime factors of 9688.
2, 7, 173
What are the prime factors of 798?
2, 3, 7, 19
What are the prime factors of 30142?
2, 7, 2153
What are the prime factors of 912?
2, 3, 19
List the prime factors of 80139.
3, 26713
What are the prime factors of 73043?
73043
What are the prime factors of 54371?
54371
List the prime factors of 7950.
2, 3, 5, 53
List the prime factors of 112118.
2, 61, 919
What are the prime factors of 867?
3, 17
What are the prime factors of 1757?
7, 251
List the prime factors of 162697.
19, 8563
What are the prime factors of 14312?
2, 1789
List the prime factors of 3880.
2, 5, 97
What are the prime factors of 930?
2, 3, 5, 31
List the prime factors of 106.
2, 53
List the prime 